{"id":3375,"date":"2024-01-26T15:20:18","date_gmt":"2024-01-26T14:20:18","guid":{"rendered":"https:\/\/clementarki-portfolio.fr\/clementportfolio\/?page_id=3375"},"modified":"2024-03-11T17:58:57","modified_gmt":"2024-03-11T16:58:57","slug":"certifications-openclassroom","status":"publish","type":"page","link":"https:\/\/clementarki-portfolio.fr\/clementportfolio\/certifications-openclassroom\/","title":{"rendered":"Certifications OpenClassroom"},"content":{"rendered":"\n<h1 class=\"wp-block-heading has-text-align-center has-black-color has-text-color has-link-color wp-elements-1142eed67b033ad84341ecbef6c8bd48\"><span style=\"text-decoration: underline;\"><strong>Certifications OpenClassroom<\/strong><br><\/span><br><\/h1>\n\n\n\n<hr class=\"wp-block-separator has-alpha-channel-opacity is-style-wide\"\/>\n\n\n\n<figure class=\"wp-block-image aligncenter size-full is-resized\"><img loading=\"lazy\" decoding=\"async\" width=\"400\" height=\"400\" src=\"https:\/\/clementarki-portfolio.fr\/clementportfolio\/wp-content\/uploads\/2024\/01\/image-36.png\" alt=\"\" class=\"wp-image-3386\" style=\"width:185px;height:auto\" srcset=\"https:\/\/clementarki-portfolio.fr\/clementportfolio\/wp-content\/uploads\/2024\/01\/image-36.png 400w, https:\/\/clementarki-portfolio.fr\/clementportfolio\/wp-content\/uploads\/2024\/01\/image-36-300x300.png 300w, https:\/\/clementarki-portfolio.fr\/clementportfolio\/wp-content\/uploads\/2024\/01\/image-36-150x150.png 150w\" sizes=\"auto, (max-width: 400px) 100vw, 400px\" \/><\/figure>\n\n\n\n<h2 class=\"wp-block-heading has-text-align-center has-black-color has-text-color\"><br><strong><span style=\"text-decoration: underline;\">Certification li\u00e9e au bloc 2<\/span><\/strong><br><br><\/h2>\n\n\n\n<p class=\"has-text-align-center has-black-color has-text-color\">En lien avec le Bloc 2, j&rsquo;ai fait sept certifications sur OpenClassrooms au cours de mon parcours, et je vous les pr\u00e9sente avec les tableaux de bord (Dashboards) ci-dessous, qui \u00e9taient des pr\u00e9parations obligatoires.<br><\/p>\n\n\n\n<div class=\"wp-block-columns is-layout-flex wp-container-core-columns-is-layout-28f84493 wp-block-columns-is-layout-flex\">\n<div class=\"wp-block-column is-layout-flow wp-block-column-is-layout-flow\">\n<h3 class=\"wp-block-heading has-text-align-center has-black-color has-text-color\">G\u00e9rez votre projet informatique facilement<\/h3>\n\n\n\n<p><\/p>\n\n\n\n<figure class=\"wp-block-image aligncenter size-full is-resized\"><img loading=\"lazy\" decoding=\"async\" width=\"1775\" height=\"387\" src=\"http:\/\/clementarki-portfolio.fr\/clementportfolio\/wp-content\/uploads\/2023\/08\/image-20.png\" alt=\"\" class=\"wp-image-1579\" style=\"aspect-ratio:4.581967213114754;width:449px;height:auto\"\/><\/figure>\n\n\n\n<div class=\"wp-block-buttons is-content-justification-center is-layout-flex wp-container-core-buttons-is-layout-a89b3969 wp-block-buttons-is-layout-flex\">\n<div class=\"wp-block-button has-custom-font-size has-medium-font-size\"><a class=\"wp-block-button__link has-ast-global-color-3-background-color has-background wp-element-button\" href=\"http:\/\/clementarki-portfolio.fr\/clementportfolio\/wp-content\/uploads\/2023\/08\/Bloc2_-_fiche_1_Attendus_de_la_fiche_technique_Gerer_son_projet_informatique_facilement_avec_la_methode_agile.pdf\" target=\"_blank\" rel=\"noreferrer noopener\">Acc\u00e9der \u00e0 la certification<\/a><\/div>\n<\/div>\n<\/div>\n\n\n\n<div class=\"wp-block-column is-layout-flow wp-block-column-is-layout-flow\">\n<h3 class=\"wp-block-heading has-text-align-center has-black-color has-text-color\">La gestion de projet agile<\/h3>\n\n\n\n<p><\/p>\n\n\n\n<figure class=\"wp-block-image aligncenter size-full is-resized\"><img loading=\"lazy\" decoding=\"async\" width=\"1780\" height=\"354\" src=\"http:\/\/clementarki-portfolio.fr\/clementportfolio\/wp-content\/uploads\/2023\/08\/image-21.png\" alt=\"\" class=\"wp-image-1590\" style=\"aspect-ratio:5.026086956521739;width:477px;height:auto\"\/><\/figure>\n\n\n\n<div class=\"wp-block-buttons is-content-justification-center is-layout-flex wp-container-core-buttons-is-layout-a89b3969 wp-block-buttons-is-layout-flex\">\n<div class=\"wp-block-button has-custom-font-size has-medium-font-size\"><a class=\"wp-block-button__link has-ast-global-color-3-background-color has-background wp-element-button\" href=\"http:\/\/clementarki-portfolio.fr\/clementportfolio\/wp-content\/uploads\/2023\/08\/Bloc2_-_fiche_2_Attendus_de_la_fiche_technique_sinitier_aux_methodes_agiles.pdf\" target=\"_blank\" rel=\"noreferrer noopener\">Acc\u00e9der \u00e0 la certification<\/a><\/div>\n<\/div>\n<\/div>\n<\/div>\n\n\n\n<p><\/p>\n\n\n\n<hr class=\"wp-block-separator has-alpha-channel-opacity barre12 is-style-wide\"\/>\n\n\n\n<p><\/p>\n\n\n\n<div class=\"wp-block-columns is-layout-flex wp-container-core-columns-is-layout-28f84493 wp-block-columns-is-layout-flex\">\n<div class=\"wp-block-column is-layout-flow wp-block-column-is-layout-flow\">\n<h3 class=\"wp-block-heading has-text-align-center has-black-color has-text-color\"><br>D\u00e9couvrez la m\u00e9thodologie DevOps<\/h3>\n\n\n\n<p><\/p>\n\n\n\n<figure class=\"wp-block-image aligncenter size-full is-resized\"><img loading=\"lazy\" decoding=\"async\" width=\"1579\" height=\"488\" src=\"http:\/\/clementarki-portfolio.fr\/clementportfolio\/wp-content\/uploads\/2023\/08\/image-29.png\" alt=\"\" class=\"wp-image-2040\" style=\"aspect-ratio:3.2375690607734806;width:495px;height:auto\"\/><\/figure>\n\n\n\n<div class=\"wp-block-buttons is-content-justification-center is-layout-flex wp-container-core-buttons-is-layout-a89b3969 wp-block-buttons-is-layout-flex\">\n<div class=\"wp-block-button has-custom-font-size has-medium-font-size\"><a class=\"wp-block-button__link has-ast-global-color-3-background-color has-background wp-element-button\" href=\"http:\/\/clementarki-portfolio.fr\/clementportfolio\/wp-content\/uploads\/2023\/08\/Bloc2_-_fiche_3_Attendus_de_la_fiche_technique_La_methodologie_devops.pdf\" target=\"_blank\" rel=\"noreferrer noopener\">Acc\u00e9der \u00e0 la certification<\/a><\/div>\n<\/div>\n<\/div>\n\n\n\n<div class=\"wp-block-column is-layout-flow wp-block-column-is-layout-flow\">\n<h3 class=\"wp-block-heading has-text-align-center has-black-color has-text-color\"><br>Mettez en place l&rsquo;int\u00e9gration et la livraison continues avec la d\u00e9marche DevOps<\/h3>\n\n\n\n<p><\/p>\n\n\n\n<figure class=\"wp-block-image aligncenter size-full is-resized\"><img loading=\"lazy\" decoding=\"async\" width=\"1803\" height=\"429\" src=\"http:\/\/clementarki-portfolio.fr\/clementportfolio\/wp-content\/uploads\/2023\/08\/image-22.png\" alt=\"\" class=\"wp-image-1598\" style=\"aspect-ratio:4.204225352112676;width:496px;height:auto\"\/><\/figure>\n\n\n\n<div class=\"wp-block-buttons is-content-justification-center is-layout-flex wp-container-core-buttons-is-layout-a89b3969 wp-block-buttons-is-layout-flex\">\n<div class=\"wp-block-button has-custom-font-size has-medium-font-size\"><a class=\"wp-block-button__link has-ast-global-color-3-background-color has-background wp-element-button\" href=\"http:\/\/clementarki-portfolio.fr\/clementportfolio\/wp-content\/uploads\/2023\/08\/Bloc2_-_fiche_4_Attendus_de_la_fiche_technique_integration_et_livraison_continues_avec_devops.pdf\" target=\"_blank\" rel=\"noreferrer noopener\">Acc\u00e9der \u00e0 la certification<\/a><\/div>\n<\/div>\n<\/div>\n<\/div>\n\n\n\n<p><\/p>\n\n\n\n<hr class=\"wp-block-separator has-alpha-channel-opacity barre12 is-style-wide\"\/>\n\n\n\n<p><\/p>\n\n\n\n<div class=\"wp-block-columns is-layout-flex wp-container-core-columns-is-layout-28f84493 wp-block-columns-is-layout-flex\">\n<div class=\"wp-block-column is-layout-flow wp-block-column-is-layout-flow\">\n<h3 class=\"wp-block-heading has-text-align-center has-black-color has-text-color has-link-color wp-elements-4b73471beccea5ff1b3b2fa7d34cf7b9\"><br>Objectif IA : initiez-vous \u00e0 l&rsquo;intelligence artificielle<\/h3>\n\n\n\n<p><\/p>\n\n\n\n<figure class=\"wp-block-image aligncenter size-full is-resized\"><img loading=\"lazy\" decoding=\"async\" width=\"1807\" height=\"371\" src=\"http:\/\/clementarki-portfolio.fr\/clementportfolio\/wp-content\/uploads\/2023\/11\/image.png\" alt=\"\" class=\"wp-image-2641\" style=\"width:458px;height:auto\"\/><\/figure>\n\n\n\n<div class=\"wp-block-buttons is-content-justification-center is-layout-flex wp-container-core-buttons-is-layout-a89b3969 wp-block-buttons-is-layout-flex\">\n<div class=\"wp-block-button has-custom-font-size has-medium-font-size\"><a class=\"wp-block-button__link has-ast-global-color-3-background-color has-background wp-element-button\" href=\"http:\/\/clementarki-portfolio.fr\/clementportfolio\/wp-content\/uploads\/2023\/11\/Objectif-IA-initiez-vous-a-lintelligence-artificielle.pdf\" target=\"_blank\" rel=\"noreferrer noopener\">Acc\u00e9der \u00e0 la certification<\/a><\/div>\n<\/div>\n<\/div>\n\n\n\n<div class=\"wp-block-column is-layout-flow wp-block-column-is-layout-flow\">\n<h3 class=\"wp-block-heading has-text-align-center has-black-color has-text-color has-link-color wp-elements-381e3f232f1a373a6cad33ec356f1bc8\"><br>Initiez-vous au Machine Learning<\/h3>\n\n\n\n<p><\/p>\n\n\n\n<figure class=\"wp-block-image aligncenter size-full is-resized\"><img loading=\"lazy\" decoding=\"async\" width=\"1795\" height=\"397\" src=\"http:\/\/clementarki-portfolio.fr\/clementportfolio\/wp-content\/uploads\/2023\/11\/image-2.png\" alt=\"\" class=\"wp-image-2652\" style=\"width:592px;height:auto\"\/><\/figure>\n\n\n\n<div class=\"wp-block-buttons is-content-justification-center is-layout-flex wp-container-core-buttons-is-layout-a89b3969 wp-block-buttons-is-layout-flex\">\n<div class=\"wp-block-button has-custom-font-size has-medium-font-size\"><a class=\"wp-block-button__link has-ast-global-color-3-background-color has-background wp-element-button\" href=\"http:\/\/clementarki-portfolio.fr\/clementportfolio\/wp-content\/uploads\/2023\/11\/Concepts-importants-du-machine-Learning.pdf\" target=\"_blank\" rel=\"noreferrer noopener\">Acc\u00e9der \u00e0 la certification<\/a><\/div>\n<\/div>\n<\/div>\n<\/div>\n\n\n\n<p><\/p>\n\n\n\n<hr class=\"wp-block-separator has-alpha-channel-opacity barre12 is-style-wide\"\/>\n\n\n\n<p><\/p>\n\n\n\n<p><\/p>\n\n\n\n<h3 class=\"wp-block-heading has-text-align-center has-black-color has-text-color has-link-color wp-elements-4cfc3e932158b483c49d779d9219c98c\"><br>\u00c9crivez la documentation technique de votre projet<\/h3>\n\n\n\n<figure class=\"wp-block-image aligncenter size-full is-resized\"><img loading=\"lazy\" decoding=\"async\" width=\"1771\" height=\"358\" src=\"http:\/\/clementarki-portfolio.fr\/clementportfolio\/wp-content\/uploads\/2024\/01\/image.png\" alt=\"\" class=\"wp-image-2874\" style=\"width:539px;height:auto\"\/><\/figure>\n\n\n\n<p><br><\/p>\n\n\n\n<div class=\"wp-block-buttons is-content-justification-center is-layout-flex wp-container-core-buttons-is-layout-a89b3969 wp-block-buttons-is-layout-flex\">\n<div class=\"wp-block-button has-custom-font-size has-medium-font-size\"><a class=\"wp-block-button__link has-ast-global-color-3-background-color has-background wp-element-button\" href=\"http:\/\/clementarki-portfolio.fr\/clementportfolio\/wp-content\/uploads\/2024\/01\/Attendus_de_la_preparation_a_la_certification_Ecrire_la_documentation_de_son_projet.pdf\" target=\"_blank\" rel=\"noreferrer noopener\">Acc\u00e9der \u00e0 la certification<\/a><\/div>\n<\/div>\n\n\n\n<p><\/p>\n\n\n\n<hr class=\"wp-block-separator has-alpha-channel-opacity is-style-wide\"\/>\n\n\n\n<h2 class=\"wp-block-heading has-text-align-center has-black-color has-text-color\"><br><strong><span style=\"text-decoration: underline;\">Certification li\u00e9e au bloc<\/span><\/strong><span style=\"text-decoration: underline;\"><strong> 3<\/strong><\/span><br><br><\/h2>\n\n\n\n<p class=\"has-text-align-center has-black-color has-text-color\">En lien avec le Bloc 3, j&rsquo;ai fait deux certifications sur OpenClassrooms au cours de mon parcours, et je vous les pr\u00e9sente avec les tableaux de bord (Dashboards) ci-dessous, qui \u00e9taient des pr\u00e9parations obligatoires.<br><br><\/p>\n\n\n\n<div class=\"wp-block-columns is-layout-flex wp-container-core-columns-is-layout-28f84493 wp-block-columns-is-layout-flex\">\n<div class=\"wp-block-column is-layout-flow wp-block-column-is-layout-flow\">\n<h3 class=\"wp-block-heading has-text-align-center has-black-color has-text-color\">Analysez et g\u00e9rez des risques SI<\/h3>\n\n\n\n<p><\/p>\n\n\n\n<figure class=\"wp-block-image aligncenter size-full is-resized\"><img loading=\"lazy\" decoding=\"async\" width=\"1805\" height=\"356\" src=\"http:\/\/clementarki-portfolio.fr\/clementportfolio\/wp-content\/uploads\/2023\/08\/image-24.png\" alt=\"\" class=\"wp-image-1608\" style=\"aspect-ratio:5.068965517241379;width:568px;height:auto\"\/><\/figure>\n\n\n\n<div class=\"wp-block-buttons is-content-justification-center is-layout-flex wp-container-core-buttons-is-layout-a89b3969 wp-block-buttons-is-layout-flex\">\n<div class=\"wp-block-button has-custom-font-size has-medium-font-size\"><a class=\"wp-block-button__link has-ast-global-color-3-background-color has-background wp-element-button\" href=\"http:\/\/clementarki-portfolio.fr\/clementportfolio\/wp-content\/uploads\/2023\/08\/Bloc3_-_fiche_1_Attendus_de_la_fiche_technique_Analyser_et_gerer_les_risques_du_SI-Clement-Arki.pdf\" target=\"_blank\" rel=\"noreferrer noopener\">Acc\u00e9der \u00e0 la certification<\/a><\/div>\n<\/div>\n<\/div>\n\n\n\n<div class=\"wp-block-column is-layout-flow wp-block-column-is-layout-flow\">\n<h3 class=\"wp-block-heading has-text-align-center has-black-color has-text-color\">D\u00e9couvrez les bases de la s\u00e9curit\u00e9 num\u00e9rique<\/h3>\n\n\n\n<p><\/p>\n\n\n\n<figure class=\"wp-block-image aligncenter size-full is-resized\"><img loading=\"lazy\" decoding=\"async\" width=\"1667\" height=\"378\" src=\"http:\/\/clementarki-portfolio.fr\/clementportfolio\/wp-content\/uploads\/2023\/08\/image-25.png\" alt=\"\" class=\"wp-image-1612\" style=\"aspect-ratio:4.41044776119403;width:459px;height:auto\"\/><\/figure>\n\n\n\n<div class=\"wp-block-buttons is-content-justification-center is-layout-flex wp-container-core-buttons-is-layout-a89b3969 wp-block-buttons-is-layout-flex\">\n<div class=\"wp-block-button has-custom-font-size has-medium-font-size\"><a class=\"wp-block-button__link has-ast-global-color-3-background-color has-background wp-element-button\" href=\"http:\/\/clementarki-portfolio.fr\/clementportfolio\/wp-content\/uploads\/2023\/08\/Bloc3_-_fiche_2_Attendus_de_la_fiche_technique_bases_de_la_securite_numerique.pdf\" target=\"_blank\" rel=\"noreferrer noopener\">Acc\u00e9der \u00e0 la certification<\/a><\/div>\n<\/div>\n<\/div>\n<\/div>\n\n\n\n<p><\/p>\n\n\n\n<hr class=\"wp-block-separator has-alpha-channel-opacity barre12 is-style-wide\"\/>\n\n\n\n<p><\/p>\n\n\n\n<h3 class=\"wp-block-heading has-text-align-center has-black-color has-text-color has-link-color wp-elements-4853906800daf50f467e79d36fe699f7\"><br>Prot\u00e9gez vos syst\u00e8mes num\u00e9riques connect\u00e9s gr\u00e2ce aux 12 bonnes pratiques de l&rsquo;ANSSI<\/h3>\n\n\n\n<p><\/p>\n\n\n\n<figure class=\"wp-block-image aligncenter size-large is-resized\"><img loading=\"lazy\" decoding=\"async\" width=\"1024\" height=\"254\" src=\"https:\/\/clementarki-portfolio.fr\/clementportfolio\/wp-content\/uploads\/2024\/02\/image-4-1024x254.png\" alt=\"\" class=\"wp-image-3676\" style=\"width:520px;height:auto\" srcset=\"https:\/\/clementarki-portfolio.fr\/clementportfolio\/wp-content\/uploads\/2024\/02\/image-4-1024x254.png 1024w, https:\/\/clementarki-portfolio.fr\/clementportfolio\/wp-content\/uploads\/2024\/02\/image-4-300x74.png 300w, https:\/\/clementarki-portfolio.fr\/clementportfolio\/wp-content\/uploads\/2024\/02\/image-4-768x191.png 768w, https:\/\/clementarki-portfolio.fr\/clementportfolio\/wp-content\/uploads\/2024\/02\/image-4-1536x381.png 1536w, https:\/\/clementarki-portfolio.fr\/clementportfolio\/wp-content\/uploads\/2024\/02\/image-4.png 1788w\" sizes=\"auto, (max-width: 1024px) 100vw, 1024px\" \/><\/figure>\n\n\n\n<p><\/p>\n\n\n\n<div class=\"wp-block-buttons is-content-justification-center is-layout-flex wp-container-core-buttons-is-layout-a89b3969 wp-block-buttons-is-layout-flex\">\n<div class=\"wp-block-button has-custom-font-size has-medium-font-size\"><a class=\"wp-block-button__link has-ast-global-color-3-background-color has-background wp-element-button\" href=\"http:\/\/clementarki-portfolio.fr\/clementportfolio\/wp-content\/uploads\/2024\/03\/Attendus_de_la_fiche_technique_Proteger_les_systemes_numeriques_12_pratiques_ANSSI-Clement-Arki.pdf\" target=\"_blank\" rel=\"noreferrer noopener\">Acc\u00e9der \u00e0 la certification<\/a><\/div>\n<\/div>\n\n\n\n<p><br><\/p>\n","protected":false},"excerpt":{"rendered":"<p>Certifications OpenClassroom Certification li\u00e9e au bloc 2 En lien avec le Bloc 2, j&rsquo;ai fait sept certifications sur OpenClassrooms au cours de mon parcours, et je vous les pr\u00e9sente avec les tableaux de bord (Dashboards) ci-dessous, qui \u00e9taient des pr\u00e9parations obligatoires. G\u00e9rez votre projet informatique facilement La gestion de projet agile D\u00e9couvrez la m\u00e9thodologie DevOps &hellip;<\/p>\n<p class=\"read-more\"> <a class=\"\" href=\"https:\/\/clementarki-portfolio.fr\/clementportfolio\/certifications-openclassroom\/\"> <span class=\"screen-reader-text\">Certifications OpenClassroom<\/span> Lire la suite\u00a0\u00bb<\/a><\/p>\n","protected":false},"author":1,"featured_media":0,"parent":0,"menu_order":0,"comment_status":"closed","ping_status":"closed","template":"","meta":{"site-sidebar-layout":"default","site-content-layout":"default","ast-global-header-display":"","ast-banner-title-visibility":"","ast-main-header-display":"","ast-hfb-above-header-display":"","ast-hfb-below-header-display":"","ast-hfb-mobile-header-display":"","site-post-title":"","ast-breadcrumbs-content":"","ast-featured-img":"","footer-sml-layout":"","theme-transparent-header-meta":"","adv-header-id-meta":"","stick-header-meta":"","header-above-stick-meta":"","header-main-stick-meta":"","header-below-stick-meta":"","footnotes":""},"class_list":["post-3375","page","type-page","status-publish","hentry"],"_links":{"self":[{"href":"https:\/\/clementarki-portfolio.fr\/clementportfolio\/wp-json\/wp\/v2\/pages\/3375","targetHints":{"allow":["GET"]}}],"collection":[{"href":"https:\/\/clementarki-portfolio.fr\/clementportfolio\/wp-json\/wp\/v2\/pages"}],"about":[{"href":"https:\/\/clementarki-portfolio.fr\/clementportfolio\/wp-json\/wp\/v2\/types\/page"}],"author":[{"embeddable":true,"href":"https:\/\/clementarki-portfolio.fr\/clementportfolio\/wp-json\/wp\/v2\/users\/1"}],"replies":[{"embeddable":true,"href":"https:\/\/clementarki-portfolio.fr\/clementportfolio\/wp-json\/wp\/v2\/comments?post=3375"}],"version-history":[{"count":27,"href":"https:\/\/clementarki-portfolio.fr\/clementportfolio\/wp-json\/wp\/v2\/pages\/3375\/revisions"}],"predecessor-version":[{"id":4040,"href":"https:\/\/clementarki-portfolio.fr\/clementportfolio\/wp-json\/wp\/v2\/pages\/3375\/revisions\/4040"}],"wp:attachment":[{"href":"https:\/\/clementarki-portfolio.fr\/clementportfolio\/wp-json\/wp\/v2\/media?parent=3375"}],"curies":[{"name":"wp","href":"https:\/\/api.w.org\/{rel}","templated":true}]}}