{"id":3792,"date":"2024-03-04T19:28:45","date_gmt":"2024-03-04T18:28:45","guid":{"rendered":"https:\/\/clementarki-portfolio.fr\/clementportfolio\/?page_id=3792"},"modified":"2024-03-17T12:29:12","modified_gmt":"2024-03-17T11:29:12","slug":"webcourses","status":"publish","type":"page","link":"https:\/\/clementarki-portfolio.fr\/clementportfolio\/webcourses\/","title":{"rendered":"WebCourses"},"content":{"rendered":"\n<h1 class=\"wp-block-heading has-text-align-center has-black-color has-text-color has-link-color wp-elements-d9dc6f81b6e20009a319d8ebc7e20a7f\"><span style=\"text-decoration: underline;\"><strong>Projet E5 : WebCourses<\/strong><\/span><br><br><\/h1>\n\n\n\n<hr class=\"wp-block-separator has-alpha-channel-opacity is-style-wide\"\/>\n\n\n\n<h2 class=\"wp-block-heading has-text-align-center has-black-color has-text-color has-link-color wp-elements-60b1d7253d2c4b4115f9cdb2c0a676ff\">Pr\u00e9sentation WebCourses :<\/h2>\n\n\n\n<p class=\"has-text-align-center has-black-color has-text-color has-link-color wp-elements-c07026bcd946c1cba2d8754ddc9d5239\">WebCourses est un site web qui s&rsquo;inscrit dans le contexte de RUNNING HIGHTECH, une initiative d\u00e9dier \u00e0 fournir des espaces et services aux associations sportives r\u00e9gionales, ainsi qu&rsquo;\u00e0 d&rsquo;autres structures d&rsquo;accueil. L&rsquo;objectif principal de WebCourses est de g\u00e9rer efficacement les championnats, manifestations, coureurs, et clubs sportifs. WebCourses souhaite cr\u00e9er une base de donn\u00e9es \u00e9volutive, optimis\u00e9e et s\u00e9curis\u00e9e pour r\u00e9pondre aux besoins des membres.<\/p>\n\n\n\n<p class=\"has-text-align-center has-black-color has-text-color has-link-color wp-elements-69391549701f9e1d030aba0382575060\">Ce projet a \u00e9t\u00e9 r\u00e9alis\u00e9 avec les langages de programmation HTML, CSS et PHP, avec l&rsquo;utilisation de MySQL pour la base de donn\u00e9es.<\/p>\n\n\n\n<p><\/p>\n\n\n\n<hr class=\"wp-block-separator has-alpha-channel-opacity\"\/>\n\n\n\n<p><\/p>\n\n\n\n<p class=\"has-text-align-center has-black-color has-text-color has-link-color wp-elements-82d11cb8049f447ca79bff82629c2d64\"><br>Cliquez sur le bouton pour acc\u00e9der au projet sur GitHub : <\/p>\n\n\n\n<div class=\"wp-block-buttons is-content-justification-center is-layout-flex wp-container-core-buttons-is-layout-a89b3969 wp-block-buttons-is-layout-flex\">\n<div class=\"wp-block-button has-custom-font-size has-medium-font-size\"><a class=\"wp-block-button__link has-ast-global-color-3-background-color has-background wp-element-button\" href=\"https:\/\/github.com\/Clement945\/Projet-Webcourses\" target=\"_blank\" rel=\"noreferrer noopener\">Acc\u00e9der au Projet WebCourses sur GitHub<\/a><\/div>\n<\/div>\n\n\n\n<p><\/p>\n\n\n\n<p><br><\/p>\n\n\n\n<hr class=\"wp-block-separator has-alpha-channel-opacity\"\/>\n\n\n\n<p><\/p>\n\n\n\n<h5 class=\"wp-block-heading has-text-align-center has-black-color has-text-color has-link-color wp-elements-5293100d880950bbf5b0865bf5c8ca7e\">Voici un aper\u00e7u du projet ci-dessous :<\/h5>\n\n\n\n<p><\/p>\n\n\n\n<figure class=\"wp-block-image aligncenter size-large is-resized\"><img loading=\"lazy\" decoding=\"async\" width=\"1024\" height=\"481\" src=\"https:\/\/clementarki-portfolio.fr\/clementportfolio\/wp-content\/uploads\/2024\/02\/image-2-1024x481.png\" alt=\"\" class=\"wp-image-3645\" style=\"width:634px;height:auto\" srcset=\"https:\/\/clementarki-portfolio.fr\/clementportfolio\/wp-content\/uploads\/2024\/02\/image-2-1024x481.png 1024w, https:\/\/clementarki-portfolio.fr\/clementportfolio\/wp-content\/uploads\/2024\/02\/image-2-300x141.png 300w, https:\/\/clementarki-portfolio.fr\/clementportfolio\/wp-content\/uploads\/2024\/02\/image-2-768x361.png 768w, https:\/\/clementarki-portfolio.fr\/clementportfolio\/wp-content\/uploads\/2024\/02\/image-2-1536x722.png 1536w, https:\/\/clementarki-portfolio.fr\/clementportfolio\/wp-content\/uploads\/2024\/02\/image-2.png 1894w\" sizes=\"auto, (max-width: 1024px) 100vw, 1024px\" \/><\/figure>\n\n\n\n<p><br><\/p>\n\n\n\n<hr class=\"wp-block-separator has-alpha-channel-opacity barre12 is-style-wide\"\/>\n\n\n\n<p><\/p>\n\n\n\n<h5 class=\"wp-block-heading has-text-align-center has-black-color has-text-color has-link-color wp-elements-b44064ce30b64547ca5a9142750175bb\">Ci-dessous se trouve la documentation technique de WebCourses :<\/h5>\n\n\n\n<div class=\"wp-block-buttons is-content-justification-center is-layout-flex wp-container-core-buttons-is-layout-a89b3969 wp-block-buttons-is-layout-flex\">\n<div class=\"wp-block-button has-custom-font-size has-medium-font-size\"><a class=\"wp-block-button__link has-ast-global-color-3-background-color has-background wp-element-button\" href=\"http:\/\/clementarki-portfolio.fr\/clementportfolio\/wp-content\/uploads\/2024\/03\/Documentation-technique-de-WebCourses.pdf\" target=\"_blank\" rel=\"noreferrer noopener\">Acc\u00e9der \u00e0 la documentation<\/a><\/div>\n<\/div>\n\n\n\n<h5 class=\"wp-block-heading has-text-align-center\"><br><\/h5>\n\n\n\n<p class=\"has-text-align-center has-black-color has-text-color has-link-color wp-elements-84256b55b5110f5f8f324d0efc95d931\"><br><\/p>\n\n\n\n<h2 class=\"wp-block-heading has-text-align-center has-black-color has-text-color has-link-color wp-elements-e45657b31ae01dff5a46bef4f20bd186\"><span style=\"text-decoration: underline;\"><br><\/span><\/h2>\n","protected":false},"excerpt":{"rendered":"<p>Projet E5 : WebCourses Pr\u00e9sentation WebCourses : WebCourses est un site web qui s&rsquo;inscrit dans le contexte de RUNNING HIGHTECH, une initiative d\u00e9dier \u00e0 fournir des espaces et services aux associations sportives r\u00e9gionales, ainsi qu&rsquo;\u00e0 d&rsquo;autres structures d&rsquo;accueil. L&rsquo;objectif principal de WebCourses est de g\u00e9rer efficacement les championnats, manifestations, coureurs, et clubs sportifs. WebCourses souhaite &hellip;<\/p>\n<p class=\"read-more\"> <a class=\"\" href=\"https:\/\/clementarki-portfolio.fr\/clementportfolio\/webcourses\/\"> <span class=\"screen-reader-text\">WebCourses<\/span> Lire la suite\u00a0\u00bb<\/a><\/p>\n","protected":false},"author":1,"featured_media":0,"parent":0,"menu_order":0,"comment_status":"closed","ping_status":"closed","template":"","meta":{"site-sidebar-layout":"default","site-content-layout":"default","ast-global-header-display":"","ast-banner-title-visibility":"","ast-main-header-display":"","ast-hfb-above-header-display":"","ast-hfb-below-header-display":"","ast-hfb-mobile-header-display":"","site-post-title":"","ast-breadcrumbs-content":"","ast-featured-img":"","footer-sml-layout":"","theme-transparent-header-meta":"","adv-header-id-meta":"","stick-header-meta":"","header-above-stick-meta":"","header-main-stick-meta":"","header-below-stick-meta":"","footnotes":""},"class_list":["post-3792","page","type-page","status-publish","hentry"],"_links":{"self":[{"href":"https:\/\/clementarki-portfolio.fr\/clementportfolio\/wp-json\/wp\/v2\/pages\/3792","targetHints":{"allow":["GET"]}}],"collection":[{"href":"https:\/\/clementarki-portfolio.fr\/clementportfolio\/wp-json\/wp\/v2\/pages"}],"about":[{"href":"https:\/\/clementarki-portfolio.fr\/clementportfolio\/wp-json\/wp\/v2\/types\/page"}],"author":[{"embeddable":true,"href":"https:\/\/clementarki-portfolio.fr\/clementportfolio\/wp-json\/wp\/v2\/users\/1"}],"replies":[{"embeddable":true,"href":"https:\/\/clementarki-portfolio.fr\/clementportfolio\/wp-json\/wp\/v2\/comments?post=3792"}],"version-history":[{"count":40,"href":"https:\/\/clementarki-portfolio.fr\/clementportfolio\/wp-json\/wp\/v2\/pages\/3792\/revisions"}],"predecessor-version":[{"id":4064,"href":"https:\/\/clementarki-portfolio.fr\/clementportfolio\/wp-json\/wp\/v2\/pages\/3792\/revisions\/4064"}],"wp:attachment":[{"href":"https:\/\/clementarki-portfolio.fr\/clementportfolio\/wp-json\/wp\/v2\/media?parent=3792"}],"curies":[{"name":"wp","href":"https:\/\/api.w.org\/{rel}","templated":true}]}}